{"id":135,"date":"2022-07-20T10:15:01","date_gmt":"2022-07-20T13:15:01","guid":{"rendered":"https:\/\/www.ciudadesintermedias.org\/info\/"},"modified":"2023-10-17T17:33:10","modified_gmt":"2023-10-17T20:33:10","slug":"info","status":"publish","type":"page","link":"https:\/\/www.ciudadesintermedias.org\/pt-br\/info\/","title":{"rendered":"INFO"},"content":{"rendered":"\n\t\t\t<div class=\"wp-block-uagb-post-grid uagb-post-grid  uagb-post__image-position-top uagb-post__image-enabled uagb-block-e4a09ba6     uagb-post__items uagb-post__columns-3 is-grid uagb-post__columns-tablet-2 uagb-post__columns-mobile-1 uagb-post__equal-height\" data-total=\"1\" style=\"\">\n\n\t\t\t\t\t\t\t\t\t\t\t\t<article class=\"uagb-post__inner-wrap\">\t\t\t\t\t\t\t\t<div class='uagb-post__image'>\n\t\t\t\t\t\t\t\t\t<a href=\"https:\/\/www.ciudadesintermedias.org\/pt-br\/titulo-da-noticia-do-teste\/\" target=\"_self\" rel=\"bookmark noopener noreferrer\" class='uagb-image-ratio-inherit'><img loading=\"lazy\" decoding=\"async\" width=\"731\" height=\"1024\" src=\"https:\/\/www.ciudadesintermedias.org\/wp-content\/uploads\/2022\/08\/ILUSTRACION-2-731x1024.png\" class=\"attachment-large size-large\" alt=\"\" srcset=\"https:\/\/www.ciudadesintermedias.org\/wp-content\/uploads\/2022\/08\/ILUSTRACION-2-731x1024.png 731w, https:\/\/www.ciudadesintermedias.org\/wp-content\/uploads\/2022\/08\/ILUSTRACION-2-214x300.png 214w, https:\/\/www.ciudadesintermedias.org\/wp-content\/uploads\/2022\/08\/ILUSTRACION-2-768x1076.png 768w, https:\/\/www.ciudadesintermedias.org\/wp-content\/uploads\/2022\/08\/ILUSTRACION-2.png 893w\" sizes=\"auto, (max-width: 731px) 100vw, 731px\" \/>\t\t\t\t\t<\/a>\n\t\t\t\t\t\t\t<\/div>\n\t\t\t\t\t\t<h4 class=\"uagb-post__title uagb-post__text\">\n\t\t\t\t<a href=\"https:\/\/www.ciudadesintermedias.org\/pt-br\/titulo-da-noticia-do-teste\/\" target=\"_self\" rel=\"bookmark noopener noreferrer\">T\u00edtulo da not\u00edcia do teste<\/a>\n\t\t\t<\/h4>\n\t\t\t\t\t\t<div class='uagb-post__text uagb-post-grid-byline'>\n\t\t\t\t\t\t\t\t<time datetime=\"2022-09-04T17:45:00-03:00\" class=\"uagb-post__date\">\n\t\t\t\t<span class=\"dashicons-calendar dashicons\"><\/span>\t\t\t\t\tsetembro 4, 2022\t\t\t\t<\/time>\n\t\t\t\t\t\t<\/div>\n\t\t\t\t\t\t\t<div class='uagb-post__text uagb-post__excerpt'>\n\t\t\t\t\t<p>Aqui escrevo tudo que queroAqui escrevo tudo que queroAqui escrevo tudo que queroAqui escrevo tudo que queroAqui escrevo tudo que queroAqui escrevo tudo que queroAqui escrevo tudo que queroAqui escrevo tudo que queroAqui escrevo tudo que...\t\t\t\t<\/div>\n\t\t\t\t\t\t<div class=\"uagb-post__text uagb-post__cta wp-block-button\">\n\t\t\t\t<a class=\"wp-block-button__link uagb-text-link\" style=\"\" href=\"https:\/\/www.ciudadesintermedias.org\/pt-br\/titulo-da-noticia-do-teste\/\" target=\"_self\" rel=\"bookmark noopener noreferrer\">Ler mais<\/a>\n\t\t\t<\/div>\n\t\t\t\n\t\t\t\t\t\t\t\t\t<\/article>\n\t\t\t\t\t\t\t\t\t\t\t\t\t\t\t\t<article class=\"uagb-post__inner-wrap\">\t\t\t\t\t\t\t\t<div class='uagb-post__image'>\n\t\t\t\t\t\t\t\t\t<a href=\"https:\/\/www.ciudadesintermedias.org\/pt-br\/titulo-da-noticia\/\" target=\"_self\" rel=\"bookmark noopener noreferrer\" class='uagb-image-ratio-inherit'><img loading=\"lazy\" decoding=\"async\" width=\"731\" height=\"1024\" src=\"https:\/\/www.ciudadesintermedias.org\/wp-content\/uploads\/2022\/08\/ILUSTRACION-2-731x1024.png\" class=\"attachment-large size-large\" alt=\"\" srcset=\"https:\/\/www.ciudadesintermedias.org\/wp-content\/uploads\/2022\/08\/ILUSTRACION-2-731x1024.png 731w, https:\/\/www.ciudadesintermedias.org\/wp-content\/uploads\/2022\/08\/ILUSTRACION-2-214x300.png 214w, https:\/\/www.ciudadesintermedias.org\/wp-content\/uploads\/2022\/08\/ILUSTRACION-2-768x1076.png 768w, https:\/\/www.ciudadesintermedias.org\/wp-content\/uploads\/2022\/08\/ILUSTRACION-2.png 893w\" sizes=\"auto, (max-width: 731px) 100vw, 731px\" \/>\t\t\t\t\t<\/a>\n\t\t\t\t\t\t\t<\/div>\n\t\t\t\t\t\t<h4 class=\"uagb-post__title uagb-post__text\">\n\t\t\t\t<a href=\"https:\/\/www.ciudadesintermedias.org\/pt-br\/titulo-da-noticia\/\" target=\"_self\" rel=\"bookmark noopener noreferrer\">t\u00edtulo da not\u00edcia<\/a>\n\t\t\t<\/h4>\n\t\t\t\t\t\t<div class='uagb-post__text uagb-post-grid-byline'>\n\t\t\t\t\t\t\t\t<time datetime=\"2022-09-01T15:24:12-03:00\" class=\"uagb-post__date\">\n\t\t\t\t<span class=\"dashicons-calendar dashicons\"><\/span>\t\t\t\t\tsetembro 1, 2022\t\t\t\t<\/time>\n\t\t\t\t\t\t<\/div>\n\t\t\t\t\t\t\t<div class='uagb-post__text uagb-post__excerpt'>\n\t\t\t\t\t<p>dfdf sdf sdf df sd f<\/p>\n\t\t\t\t<\/div>\n\t\t\t\t\t\t<div class=\"uagb-post__text uagb-post__cta wp-block-button\">\n\t\t\t\t<a class=\"wp-block-button__link uagb-text-link\" style=\"\" href=\"https:\/\/www.ciudadesintermedias.org\/pt-br\/titulo-da-noticia\/\" target=\"_self\" rel=\"bookmark noopener noreferrer\">Ler mais<\/a>\n\t\t\t<\/div>\n\t\t\t\n\t\t\t\t\t\t\t\t\t<\/article>\n\t\t\t\t\t\t\t\t\t\t\t\t\t\t\t\t<article class=\"uagb-post__inner-wrap\">\t\t\t\t\t\t\t\t<div class='uagb-post__image'>\n\t\t\t\t\t\t\t\t\t<a href=\"https:\/\/www.ciudadesintermedias.org\/pt-br\/areas-de-acao-de-agenda-urbana\/\" target=\"_self\" rel=\"bookmark noopener noreferrer\" class='uagb-image-ratio-inherit'><img loading=\"lazy\" decoding=\"async\" width=\"388\" height=\"506\" src=\"https:\/\/www.ciudadesintermedias.org\/wp-content\/uploads\/2022\/07\/banner01.jpg\" class=\"attachment-large size-large\" alt=\"\" srcset=\"https:\/\/www.ciudadesintermedias.org\/wp-content\/uploads\/2022\/07\/banner01.jpg 388w, https:\/\/www.ciudadesintermedias.org\/wp-content\/uploads\/2022\/07\/banner01-230x300.jpg 230w\" sizes=\"auto, (max-width: 388px) 100vw, 388px\" \/>\t\t\t\t\t<\/a>\n\t\t\t\t\t\t\t<\/div>\n\t\t\t\t\t\t<h4 class=\"uagb-post__title uagb-post__text\">\n\t\t\t\t<a href=\"https:\/\/www.ciudadesintermedias.org\/pt-br\/areas-de-acao-de-agenda-urbana\/\" target=\"_self\" rel=\"bookmark noopener noreferrer\">\u00c1reas de a\u00e7\u00e3o de agenda urbana<\/a>\n\t\t\t<\/h4>\n\t\t\t\t\t\t<div class='uagb-post__text uagb-post-grid-byline'>\n\t\t\t\t\t\t\t\t<time datetime=\"2022-07-20T10:16:14-03:00\" class=\"uagb-post__date\">\n\t\t\t\t<span class=\"dashicons-calendar dashicons\"><\/span>\t\t\t\t\tjulho 20, 2022\t\t\t\t<\/time>\n\t\t\t\t\t\t<\/div>\n\t\t\t\t\t\t\t<div class='uagb-post__text uagb-post__excerpt'>\n\t\t\t\t\t<p>Planejamento de sistemas alimentares integrados e mecanismos de governan\u00e7a alimentar inclusivos para apoiar a urbaniza\u00e7\u00e3o e o desenvolvimento territorial sustent\u00e1veis. Circuitos curtos de abastecimento e compras p\u00fablicas de alimentos inclusivas para aproveitar o potencial da produ\u00e7\u00e3o...\t\t\t\t<\/div>\n\t\t\t\t\t\t<div class=\"uagb-post__text uagb-post__cta wp-block-button\">\n\t\t\t\t<a class=\"wp-block-button__link uagb-text-link\" style=\"\" href=\"https:\/\/www.ciudadesintermedias.org\/pt-br\/areas-de-acao-de-agenda-urbana\/\" target=\"_self\" rel=\"bookmark noopener noreferrer\">Ler mais<\/a>\n\t\t\t<\/div>\n\t\t\t\n\t\t\t\t\t\t\t\t\t<\/article>\n\t\t\t\t\t\t\t\t\t\t\t\t\t<div class=\"uagb-post-pagination-wrap\">\n\t\t\t\t\t\t\t\t\t\t\t<\/div>\n\t\t\t\t\t\t\t\t<\/div>\n\t\t\t","protected":false},"excerpt":{"rendered":"","protected":false},"author":1,"featured_media":0,"parent":0,"menu_order":0,"comment_status":"closed","ping_status":"closed","template":"","meta":{"_uag_custom_page_level_css":"","footnotes":""},"class_list":["post-135","page","type-page","status-publish","hentry"],"uagb_featured_image_src":{"full":false,"thumbnail":false,"medium":false,"medium_large":false,"large":false,"1536x1536":false,"2048x2048":false},"uagb_author_info":{"display_name":"pablo","author_link":"https:\/\/www.ciudadesintermedias.org\/pt-br\/author\/pablo\/"},"uagb_comment_info":0,"uagb_excerpt":null,"_links":{"self":[{"href":"https:\/\/www.ciudadesintermedias.org\/pt-br\/wp-json\/wp\/v2\/pages\/135","targetHints":{"allow":["GET"]}}],"collection":[{"href":"https:\/\/www.ciudadesintermedias.org\/pt-br\/wp-json\/wp\/v2\/pages"}],"about":[{"href":"https:\/\/www.ciudadesintermedias.org\/pt-br\/wp-json\/wp\/v2\/types\/page"}],"author":[{"embeddable":true,"href":"https:\/\/www.ciudadesintermedias.org\/pt-br\/wp-json\/wp\/v2\/users\/1"}],"replies":[{"embeddable":true,"href":"https:\/\/www.ciudadesintermedias.org\/pt-br\/wp-json\/wp\/v2\/comments?post=135"}],"version-history":[{"count":4,"href":"https:\/\/www.ciudadesintermedias.org\/pt-br\/wp-json\/wp\/v2\/pages\/135\/revisions"}],"predecessor-version":[{"id":292,"href":"https:\/\/www.ciudadesintermedias.org\/pt-br\/wp-json\/wp\/v2\/pages\/135\/revisions\/292"}],"wp:attachment":[{"href":"https:\/\/www.ciudadesintermedias.org\/pt-br\/wp-json\/wp\/v2\/media?parent=135"}],"curies":[{"name":"wp","href":"https:\/\/api.w.org\/{rel}","templated":true}]}}

<div class="wp-block-uagb-post-grid uagb-post-grid  uagb-post__image-position-top uagb-post__image-enabled uagb-block-e4a09ba6     uagb-post__items uagb-post__columns-3 is-grid uagb-post__columns-tablet-2 uagb-post__columns-mobile-1 uagb-post__equal-height" data-total="1" style="">

												<article class="uagb-post__inner-wrap">								<div class='uagb-post__image'>
									<a href="https://www.ciudadesintermedias.org/pt-br/titulo-da-noticia-do-teste/" target="_self" rel="bookmark noopener noreferrer" class='uagb-image-ratio-inherit'><img loading="lazy" decoding="async" width="731" height="1024" src="https://www.ciudadesintermedias.org/wp-content/uploads/2022/08/ILUSTRACION-2-731x1024.png" class="attachment-large size-large" alt="" srcset="https://www.ciudadesintermedias.org/wp-content/uploads/2022/08/ILUSTRACION-2-731x1024.png 731w, https://www.ciudadesintermedias.org/wp-content/uploads/2022/08/ILUSTRACION-2-214x300.png 214w, https://www.ciudadesintermedias.org/wp-content/uploads/2022/08/ILUSTRACION-2-768x1076.png 768w, https://www.ciudadesintermedias.org/wp-content/uploads/2022/08/ILUSTRACION-2.png 893w" sizes="auto, (max-width: 731px) 100vw, 731px" />					</a>
							</div>
						<h4 class="uagb-post__title uagb-post__text">
				<a href="https://www.ciudadesintermedias.org/pt-br/titulo-da-noticia-do-teste/" target="_self" rel="bookmark noopener noreferrer">Título da notícia do teste</a>
			</h4>
						<div class='uagb-post__text uagb-post-grid-byline'>
								<time datetime="2022-09-04T17:45:00-03:00" class="uagb-post__date">
				<span class="dashicons-calendar dashicons"></span>					setembro 4, 2022				</time>
						</div>
							<div class='uagb-post__text uagb-post__excerpt'>
					<p>Aqui escrevo tudo que queroAqui escrevo tudo que queroAqui escrevo tudo que queroAqui escrevo tudo que queroAqui escrevo tudo que queroAqui escrevo tudo que queroAqui escrevo tudo que queroAqui escrevo tudo que queroAqui escrevo tudo que...				</div>
						<div class="uagb-post__text uagb-post__cta wp-block-button">
				<a class="wp-block-button__link uagb-text-link" style="" href="https://www.ciudadesintermedias.org/pt-br/titulo-da-noticia-do-teste/" target="_self" rel="bookmark noopener noreferrer">Ler mais</a>
			</div>
			
									</article>
																<article class="uagb-post__inner-wrap">								<div class='uagb-post__image'>
									<a href="https://www.ciudadesintermedias.org/pt-br/titulo-da-noticia/" target="_self" rel="bookmark noopener noreferrer" class='uagb-image-ratio-inherit'><img loading="lazy" decoding="async" width="731" height="1024" src="https://www.ciudadesintermedias.org/wp-content/uploads/2022/08/ILUSTRACION-2-731x1024.png" class="attachment-large size-large" alt="" srcset="https://www.ciudadesintermedias.org/wp-content/uploads/2022/08/ILUSTRACION-2-731x1024.png 731w, https://www.ciudadesintermedias.org/wp-content/uploads/2022/08/ILUSTRACION-2-214x300.png 214w, https://www.ciudadesintermedias.org/wp-content/uploads/2022/08/ILUSTRACION-2-768x1076.png 768w, https://www.ciudadesintermedias.org/wp-content/uploads/2022/08/ILUSTRACION-2.png 893w" sizes="auto, (max-width: 731px) 100vw, 731px" />					</a>
							</div>
						<h4 class="uagb-post__title uagb-post__text">
				<a href="https://www.ciudadesintermedias.org/pt-br/titulo-da-noticia/" target="_self" rel="bookmark noopener noreferrer">título da notícia</a>
			</h4>
						<div class='uagb-post__text uagb-post-grid-byline'>
								<time datetime="2022-09-01T15:24:12-03:00" class="uagb-post__date">
				<span class="dashicons-calendar dashicons"></span>					setembro 1, 2022				</time>
						</div>
							<div class='uagb-post__text uagb-post__excerpt'>
					<p>dfdf sdf sdf df sd f</p>
				</div>
						<div class="uagb-post__text uagb-post__cta wp-block-button">
				<a class="wp-block-button__link uagb-text-link" style="" href="https://www.ciudadesintermedias.org/pt-br/titulo-da-noticia/" target="_self" rel="bookmark noopener noreferrer">Ler mais</a>
			</div>
			
									</article>
																<article class="uagb-post__inner-wrap">								<div class='uagb-post__image'>
									<a href="https://www.ciudadesintermedias.org/pt-br/areas-de-acao-de-agenda-urbana/" target="_self" rel="bookmark noopener noreferrer" class='uagb-image-ratio-inherit'><img loading="lazy" decoding="async" width="388" height="506" src="https://www.ciudadesintermedias.org/wp-content/uploads/2022/07/banner01.jpg" class="attachment-large size-large" alt="" srcset="https://www.ciudadesintermedias.org/wp-content/uploads/2022/07/banner01.jpg 388w, https://www.ciudadesintermedias.org/wp-content/uploads/2022/07/banner01-230x300.jpg 230w" sizes="auto, (max-width: 388px) 100vw, 388px" />					</a>
							</div>
						<h4 class="uagb-post__title uagb-post__text">
				<a href="https://www.ciudadesintermedias.org/pt-br/areas-de-acao-de-agenda-urbana/" target="_self" rel="bookmark noopener noreferrer">Áreas de ação de agenda urbana</a>
			</h4>
						<div class='uagb-post__text uagb-post-grid-byline'>
								<time datetime="2022-07-20T10:16:14-03:00" class="uagb-post__date">
				<span class="dashicons-calendar dashicons"></span>					julho 20, 2022				</time>
						</div>
							<div class='uagb-post__text uagb-post__excerpt'>
					<p>Planejamento de sistemas alimentares integrados e mecanismos de governança alimentar inclusivos para apoiar a urbanização e o desenvolvimento territorial sustentáveis. Circuitos curtos de abastecimento e compras públicas de alimentos inclusivas para aproveitar o potencial da produção...				</div>
						<div class="uagb-post__text uagb-post__cta wp-block-button">
				<a class="wp-block-button__link uagb-text-link" style="" href="https://www.ciudadesintermedias.org/pt-br/areas-de-acao-de-agenda-urbana/" target="_self" rel="bookmark noopener noreferrer">Ler mais</a>
			</div>
			
									</article>
													<div class="uagb-post-pagination-wrap">
											</div>
								</div>
