{"id":143,"date":"2022-07-26T18:10:07","date_gmt":"2022-07-26T21:10:07","guid":{"rendered":"https:\/\/www.ciudadesintermedias.org\/portada\/"},"modified":"2023-10-17T17:37:44","modified_gmt":"2023-10-17T20:37:44","slug":"portada","status":"publish","type":"page","link":"https:\/\/www.ciudadesintermedias.org\/pt-br\/","title":{"rendered":"portada"},"content":{"rendered":"\n<div class=\"wp-block-columns is-layout-flex wp-container-core-columns-is-layout-28f84493 wp-block-columns-is-layout-flex\">\n<div class=\"wp-block-column is-layout-flow wp-block-column-is-layout-flow\">\n<h2 class=\"wp-block-heading\">Contexto<\/h2>\n\n\n\n<p>As cidades intermedi\u00e1rias acolhem 20% da popula\u00e7\u00e3o mundial e um ter\u00e7o da popula\u00e7\u00e3o urbana total.\nEstas entidades territoriais constituem um tamp\u00e3o fundamental contra os desafios enfrentados pelas grandes concentra\u00e7\u00f5es urbanas e posicionam-se como elos de uma cadeia de sistemas alimentares e espa\u00e7os verdes, cada vez mais centrais e necess\u00e1rios para a humanidade. <\/p>\n\n\n\n<div class=\"wp-block-buttons is-layout-flex wp-block-buttons-is-layout-flex\">\n<div class=\"wp-block-button\"><a class=\"wp-block-button__link wp-element-button\" href=\"https:\/\/www.ciudadesintermedias.org\/pt-br\/contexto\/\">Continuar lendo<\/a><\/div>\n<\/div>\n<\/div>\n\n\n\n<div class=\"wp-block-column is-layout-flow wp-block-column-is-layout-flow\">\n<h2 class=\"wp-block-heading\">A Rede<\/h2>\n\n\n\n<p>Em apoio aos governos subnacionais na transforma\u00e7\u00e3o de seus sistemas agroalimentares, a Prefeitura do Munic\u00edpio de Canelones, no Uruguai, e a FAO uniram for\u00e7as para formar a Rede de Cidades Intermedi\u00e1rias de Sistemas Agroalimentares, que representa um espa\u00e7o de conhecimento, rela\u00e7\u00f5es e solu\u00e7\u00f5es em n\u00edvel local.<\/p>\n\n\n\n<div class=\"wp-block-buttons is-layout-flex wp-block-buttons-is-layout-flex\">\n<div class=\"wp-block-button\"><a class=\"wp-block-button__link wp-element-button\" href=\"https:\/\/www.ciudadesintermedias.org\/pt-br\/institucional\/\">Continuar lendo<\/a><\/div>\n<\/div>\n<\/div>\n<\/div>\n","protected":false},"excerpt":{"rendered":"<p>Contexto As cidades intermedi\u00e1rias acolhem 20% da popula\u00e7\u00e3o mundial e um ter\u00e7o da popula\u00e7\u00e3o urbana total. Estas entidades territoriais constituem um tamp\u00e3o fundamental contra os desafios enfrentados pelas grandes concentra\u00e7\u00f5es urbanas e posicionam-se como elos de uma cadeia de sistemas alimentares e espa\u00e7os verdes, cada vez mais centrais e necess\u00e1rios para a humanidade. A Rede [&hellip;]<\/p>\n","protected":false},"author":1,"featured_media":0,"parent":0,"menu_order":0,"comment_status":"closed","ping_status":"closed","template":"","meta":{"_uag_custom_page_level_css":"","footnotes":""},"class_list":["post-143","page","type-page","status-publish","hentry"],"uagb_featured_image_src":{"full":false,"thumbnail":false,"medium":false,"medium_large":false,"large":false,"1536x1536":false,"2048x2048":false},"uagb_author_info":{"display_name":"pablo","author_link":"https:\/\/www.ciudadesintermedias.org\/pt-br\/author\/pablo\/"},"uagb_comment_info":0,"uagb_excerpt":"Contexto As cidades intermedi\u00e1rias acolhem 20% da popula\u00e7\u00e3o mundial e um ter\u00e7o da popula\u00e7\u00e3o urbana total. Estas entidades territoriais constituem um tamp\u00e3o fundamental contra os desafios enfrentados pelas grandes concentra\u00e7\u00f5es urbanas e posicionam-se como elos de uma cadeia de sistemas alimentares e espa\u00e7os verdes, cada vez mais centrais e necess\u00e1rios para a humanidade. A Rede&hellip;","_links":{"self":[{"href":"https:\/\/www.ciudadesintermedias.org\/pt-br\/wp-json\/wp\/v2\/pages\/143","targetHints":{"allow":["GET"]}}],"collection":[{"href":"https:\/\/www.ciudadesintermedias.org\/pt-br\/wp-json\/wp\/v2\/pages"}],"about":[{"href":"https:\/\/www.ciudadesintermedias.org\/pt-br\/wp-json\/wp\/v2\/types\/page"}],"author":[{"embeddable":true,"href":"https:\/\/www.ciudadesintermedias.org\/pt-br\/wp-json\/wp\/v2\/users\/1"}],"replies":[{"embeddable":true,"href":"https:\/\/www.ciudadesintermedias.org\/pt-br\/wp-json\/wp\/v2\/comments?post=143"}],"version-history":[{"count":2,"href":"https:\/\/www.ciudadesintermedias.org\/pt-br\/wp-json\/wp\/v2\/pages\/143\/revisions"}],"predecessor-version":[{"id":296,"href":"https:\/\/www.ciudadesintermedias.org\/pt-br\/wp-json\/wp\/v2\/pages\/143\/revisions\/296"}],"wp:attachment":[{"href":"https:\/\/www.ciudadesintermedias.org\/pt-br\/wp-json\/wp\/v2\/media?parent=143"}],"curies":[{"name":"wp","href":"https:\/\/api.w.org\/{rel}","templated":true}]}}

<div class="wp-block-columns is-layout-flex wp-container-core-columns-is-layout-28f84493 wp-block-columns-is-layout-flex">
<div class="wp-block-column is-layout-flow wp-block-column-is-layout-flow">
<h2 class="wp-block-heading">Contexto</h2>



<p>As cidades intermediárias acolhem 20% da população mundial e um terço da população urbana total.
Estas entidades territoriais constituem um tampão fundamental contra os desafios enfrentados pelas grandes concentrações urbanas e posicionam-se como elos de uma cadeia de sistemas alimentares e espaços verdes, cada vez mais centrais e necessários para a humanidade. </p>



<div class="wp-block-buttons is-layout-flex wp-block-buttons-is-layout-flex">
<div class="wp-block-button"><a class="wp-block-button__link wp-element-button" href="https://www.ciudadesintermedias.org/pt-br/contexto/">Continuar lendo</a></div>
</div>
</div>



<div class="wp-block-column is-layout-flow wp-block-column-is-layout-flow">
<h2 class="wp-block-heading">A Rede</h2>



<p>Em apoio aos governos subnacionais na transformação de seus sistemas agroalimentares, a Prefeitura do Município de Canelones, no Uruguai, e a FAO uniram forças para formar a Rede de Cidades Intermediárias de Sistemas Agroalimentares, que representa um espaço de conhecimento, relações e soluções em nível local.</p>



<div class="wp-block-buttons is-layout-flex wp-block-buttons-is-layout-flex">
<div class="wp-block-button"><a class="wp-block-button__link wp-element-button" href="https://www.ciudadesintermedias.org/pt-br/institucional/">Continuar lendo</a></div>
</div>
</div>
</div>

<p>Contexto As cidades intermediárias acolhem 20% da população mundial e um terço da população urbana total. Estas entidades territoriais constituem um tampão fundamental contra os desafios enfrentados pelas grandes concentrações urbanas e posicionam-se como elos de uma cadeia de sistemas alimentares e espaços verdes, cada vez mais centrais e necessários para a humanidade. A Rede [&hellip;]</p>

Contexto As cidades intermediárias acolhem 20% da população mundial e um terço da população urbana total. Estas entidades territoriais constituem um tampão fundamental contra os desafios enfrentados pelas grandes concentrações urbanas e posicionam-se como elos de uma cadeia de sistemas alimentares e espaços verdes, cada vez mais centrais e necessários para a humanidade. A Rede&hellip;
