{"id":147,"date":"2022-07-20T10:08:17","date_gmt":"2022-07-20T13:08:17","guid":{"rendered":"https:\/\/www.ciudadesintermedias.org\/prioridades\/"},"modified":"2023-10-17T17:31:37","modified_gmt":"2023-10-17T20:31:37","slug":"prioridades","status":"publish","type":"page","link":"https:\/\/www.ciudadesintermedias.org\/pt-br\/prioridades\/","title":{"rendered":"Prioridades"},"content":{"rendered":"\n<ul class=\"has-medium-font-size wp-block-list\">\n<li>Visibilizar o papel dos governos locais na constru\u00e7\u00e3o de sistemas alimentares sustent\u00e1veis.<\/li>\n\n\n\n<li>Garantir o acesso f\u00edsico da popula\u00e7\u00e3o a alimentos saud\u00e1veis.<\/li>\n\n\n\n<li>Promover a governa\u00e7\u00e3o integrada e a coordena\u00e7\u00e3o entre as entidades nacionais e subnacionais.<\/li>\n\n\n\n<li>Promover a produ\u00e7\u00e3o local de alimentos, apoiando os pequenos e m\u00e9dios produtores, atrav\u00e9s da transi\u00e7\u00e3o para modos de produ\u00e7\u00e3o sustent\u00e1veis com o ambiente.<\/li>\n<\/ul>\n\n\n\n<div style=\"height:100px\" aria-hidden=\"true\" class=\"wp-block-spacer\"><\/div>\n","protected":false},"excerpt":{"rendered":"","protected":false},"author":1,"featured_media":0,"parent":0,"menu_order":0,"comment_status":"closed","ping_status":"closed","template":"","meta":{"_uag_custom_page_level_css":"","footnotes":""},"class_list":["post-147","page","type-page","status-publish","hentry"],"uagb_featured_image_src":{"full":false,"thumbnail":false,"medium":false,"medium_large":false,"large":false,"1536x1536":false,"2048x2048":false},"uagb_author_info":{"display_name":"pablo","author_link":"https:\/\/www.ciudadesintermedias.org\/pt-br\/author\/pablo\/"},"uagb_comment_info":0,"uagb_excerpt":null,"_links":{"self":[{"href":"https:\/\/www.ciudadesintermedias.org\/pt-br\/wp-json\/wp\/v2\/pages\/147","targetHints":{"allow":["GET"]}}],"collection":[{"href":"https:\/\/www.ciudadesintermedias.org\/pt-br\/wp-json\/wp\/v2\/pages"}],"about":[{"href":"https:\/\/www.ciudadesintermedias.org\/pt-br\/wp-json\/wp\/v2\/types\/page"}],"author":[{"embeddable":true,"href":"https:\/\/www.ciudadesintermedias.org\/pt-br\/wp-json\/wp\/v2\/users\/1"}],"replies":[{"embeddable":true,"href":"https:\/\/www.ciudadesintermedias.org\/pt-br\/wp-json\/wp\/v2\/comments?post=147"}],"version-history":[{"count":2,"href":"https:\/\/www.ciudadesintermedias.org\/pt-br\/wp-json\/wp\/v2\/pages\/147\/revisions"}],"predecessor-version":[{"id":288,"href":"https:\/\/www.ciudadesintermedias.org\/pt-br\/wp-json\/wp\/v2\/pages\/147\/revisions\/288"}],"wp:attachment":[{"href":"https:\/\/www.ciudadesintermedias.org\/pt-br\/wp-json\/wp\/v2\/media?parent=147"}],"curies":[{"name":"wp","href":"https:\/\/api.w.org\/{rel}","templated":true}]}}

<ul class="has-medium-font-size wp-block-list">
<li>Visibilizar o papel dos governos locais na construção de sistemas alimentares sustentáveis.</li>



<li>Garantir o acesso físico da população a alimentos saudáveis.</li>



<li>Promover a governação integrada e a coordenação entre as entidades nacionais e subnacionais.</li>



<li>Promover a produção local de alimentos, apoiando os pequenos e médios produtores, através da transição para modos de produção sustentáveis com o ambiente.</li>
</ul>



<div style="height:100px" aria-hidden="true" class="wp-block-spacer"></div>
