{"id":151,"date":"2022-07-20T10:13:10","date_gmt":"2022-07-20T13:13:10","guid":{"rendered":"https:\/\/www.ciudadesintermedias.org\/juntar-se\/"},"modified":"2023-10-17T18:56:33","modified_gmt":"2023-10-17T21:56:33","slug":"juntar-se","status":"publish","type":"page","link":"https:\/\/www.ciudadesintermedias.org\/pt-br\/juntar-se\/","title":{"rendered":"Juntar-se"},"content":{"rendered":"\n<h3 class=\"wp-block-heading\">Como fazer parte da Rede?<\/h3>\n\n\n\n<p>Os prefeitos, as prefeitas e as equipes municipais de cidades pequenas e m\u00e9dias com um m\u00e1ximo de 1 milh\u00e3o de habitantes que est\u00e3o no in\u00edcio ou no pleno exerc\u00edcio de suas fun\u00e7\u00f5es podem aderir \u00e0 Rede: <\/p>\n\n\n\n<ul class=\"wp-block-list\">\n<li>Discurso \u00e0 Presid\u00eancia da Rede, atualmente ocupada pelo Governo de Canelones (Uruguai): <a href=\"mailto:presidencia@ciudadesintermedias.org\">presidencia@ciudadesintermedias.org<\/a>\u00a0<\/li>\n\n\n\n<li>Atrav\u00e9s do Secretariado T\u00e9cnico exercido pela FAO, contactando os escrit\u00f3rios nacionais dessa organiza\u00e7\u00e3o no seu respectivo pa\u00eds.<\/li>\n<\/ul>\n\n\n\n<hr class=\"wp-block-separator has-alpha-channel-opacity\"\/>\n\n\n\n<h3 class=\"wp-block-heading\"><strong>Documentos:&nbsp;<\/strong><\/h3>\n\n\n\n<div class=\"wp-block-columns is-layout-flex wp-container-core-columns-is-layout-28f84493 wp-block-columns-is-layout-flex\">\n<div class=\"wp-block-column is-layout-flow wp-block-column-is-layout-flow\">\n<p><a href=\"https:\/\/www.ciudadesintermedias.org\/wp-content\/uploads\/2023\/10\/ES-Principios-rectores-Red-de-Ciudades-Intermedias-y-Sistemas-Agroalimentarios-3.pdf\" data-type=\"link\" data-id=\"https:\/\/www.ciudadesintermedias.org\/wp-content\/uploads\/2023\/10\/ES-Principios-rectores-Red-de-Ciudades-Intermedias-y-Sistemas-Agroalimentarios-3.pdf\"><strong>Princ\u00edpios orientadores da opera\u00e7\u00e3o interna<br>(Espanhol)<\/strong><\/a><\/p>\n\n\n\n<figure class=\"wp-block-image size-large\"><a href=\"https:\/\/www.ciudadesintermedias.org\/wp-content\/uploads\/2023\/10\/ES-Principios-rectores-Red-de-Ciudades-Intermedias-y-Sistemas-Agroalimentarios-3.pdf\" target=\"_blank\" rel=\"noreferrer noopener\"><img loading=\"lazy\" decoding=\"async\" width=\"724\" height=\"1024\" src=\"https:\/\/www.ciudadesintermedias.org\/wp-content\/uploads\/2023\/10\/ES-Principios-rectores-Red-de-Ciudades-Intermedias-y-Sistemas-Agroalimentarios-3-1-724x1024.jpg\" alt=\"\" class=\"wp-image-258\" srcset=\"https:\/\/www.ciudadesintermedias.org\/wp-content\/uploads\/2023\/10\/ES-Principios-rectores-Red-de-Ciudades-Intermedias-y-Sistemas-Agroalimentarios-3-1-724x1024.jpg 724w, https:\/\/www.ciudadesintermedias.org\/wp-content\/uploads\/2023\/10\/ES-Principios-rectores-Red-de-Ciudades-Intermedias-y-Sistemas-Agroalimentarios-3-1-212x300.jpg 212w, https:\/\/www.ciudadesintermedias.org\/wp-content\/uploads\/2023\/10\/ES-Principios-rectores-Red-de-Ciudades-Intermedias-y-Sistemas-Agroalimentarios-3-1-768x1086.jpg 768w, https:\/\/www.ciudadesintermedias.org\/wp-content\/uploads\/2023\/10\/ES-Principios-rectores-Red-de-Ciudades-Intermedias-y-Sistemas-Agroalimentarios-3-1-1086x1536.jpg 1086w, https:\/\/www.ciudadesintermedias.org\/wp-content\/uploads\/2023\/10\/ES-Principios-rectores-Red-de-Ciudades-Intermedias-y-Sistemas-Agroalimentarios-3-1.jpg 1240w\" sizes=\"auto, (max-width: 724px) 100vw, 724px\" \/><\/a><\/figure>\n<\/div>\n\n\n\n<div class=\"wp-block-column is-layout-flow wp-block-column-is-layout-flow\">\n<p><strong><a href=\"https:\/\/www.ciudadesintermedias.org\/wp-content\/uploads\/2023\/10\/EN_Guiding-principles-for-the-functioning-of-the-Intermediary-Cities-and-Agri-Food-Systems-Network-2.pdf\" data-type=\"link\" data-id=\"https:\/\/www.ciudadesintermedias.org\/wp-content\/uploads\/2023\/10\/EN_Guiding-principles-for-the-functioning-of-the-Intermediary-Cities-and-Agri-Food-Systems-Network-2.pdf\">Guiding Principles of Internal Functioning <\/a><\/strong><br><strong><a href=\"https:\/\/www.ciudadesintermedias.org\/wp-content\/uploads\/2023\/10\/EN_Guiding-principles-for-the-functioning-of-the-Intermediary-Cities-and-Agri-Food-Systems-Network-2.pdf\" data-type=\"link\" data-id=\"https:\/\/www.ciudadesintermedias.org\/wp-content\/uploads\/2023\/10\/EN_Guiding-principles-for-the-functioning-of-the-Intermediary-Cities-and-Agri-Food-Systems-Network-2.pdf\">(english)&nbsp;<\/a><\/strong><\/p>\n\n\n\n<figure class=\"wp-block-image size-large\"><a href=\"https:\/\/www.ciudadesintermedias.org\/wp-content\/uploads\/2023\/10\/EN_Guiding-principles-for-the-functioning-of-the-Intermediary-Cities-and-Agri-Food-Systems-Network-2.pdf\" target=\"_blank\" rel=\"noreferrer noopener\"><img loading=\"lazy\" decoding=\"async\" width=\"724\" height=\"1024\" src=\"https:\/\/www.ciudadesintermedias.org\/wp-content\/uploads\/2023\/10\/EN_Guiding-principles-for-the-functioning-of-the-Intermediary-Cities-and-Agri-Food-Systems-Network-2-1-724x1024.jpg\" alt=\"\" class=\"wp-image-260\" srcset=\"https:\/\/www.ciudadesintermedias.org\/wp-content\/uploads\/2023\/10\/EN_Guiding-principles-for-the-functioning-of-the-Intermediary-Cities-and-Agri-Food-Systems-Network-2-1-724x1024.jpg 724w, https:\/\/www.ciudadesintermedias.org\/wp-content\/uploads\/2023\/10\/EN_Guiding-principles-for-the-functioning-of-the-Intermediary-Cities-and-Agri-Food-Systems-Network-2-1-212x300.jpg 212w, https:\/\/www.ciudadesintermedias.org\/wp-content\/uploads\/2023\/10\/EN_Guiding-principles-for-the-functioning-of-the-Intermediary-Cities-and-Agri-Food-Systems-Network-2-1-768x1086.jpg 768w, https:\/\/www.ciudadesintermedias.org\/wp-content\/uploads\/2023\/10\/EN_Guiding-principles-for-the-functioning-of-the-Intermediary-Cities-and-Agri-Food-Systems-Network-2-1-1086x1536.jpg 1086w, https:\/\/www.ciudadesintermedias.org\/wp-content\/uploads\/2023\/10\/EN_Guiding-principles-for-the-functioning-of-the-Intermediary-Cities-and-Agri-Food-Systems-Network-2-1.jpg 1240w\" sizes=\"auto, (max-width: 724px) 100vw, 724px\" \/><\/a><\/figure>\n<\/div>\n<\/div>\n","protected":false},"excerpt":{"rendered":"<p>Como fazer parte da Rede? Os prefeitos, as prefeitas e as equipes municipais de cidades pequenas e m\u00e9dias com um m\u00e1ximo de 1 milh\u00e3o de habitantes que est\u00e3o no in\u00edcio ou no pleno exerc\u00edcio de suas fun\u00e7\u00f5es podem aderir \u00e0 Rede: Documentos:&nbsp; Princ\u00edpios orientadores da opera\u00e7\u00e3o interna(Espanhol) Guiding Principles of Internal Functioning (english)&nbsp;<\/p>\n","protected":false},"author":1,"featured_media":0,"parent":0,"menu_order":0,"comment_status":"closed","ping_status":"closed","template":"","meta":{"_uag_custom_page_level_css":"","footnotes":""},"class_list":["post-151","page","type-page","status-publish","hentry"],"uagb_featured_image_src":{"full":false,"thumbnail":false,"medium":false,"medium_large":false,"large":false,"1536x1536":false,"2048x2048":false},"uagb_author_info":{"display_name":"pablo","author_link":"https:\/\/www.ciudadesintermedias.org\/pt-br\/author\/pablo\/"},"uagb_comment_info":0,"uagb_excerpt":"Como fazer parte da Rede? Os prefeitos, as prefeitas e as equipes municipais de cidades pequenas e m\u00e9dias com um m\u00e1ximo de 1 milh\u00e3o de habitantes que est\u00e3o no in\u00edcio ou no pleno exerc\u00edcio de suas fun\u00e7\u00f5es podem aderir \u00e0 Rede: Documentos:&nbsp; Princ\u00edpios orientadores da opera\u00e7\u00e3o interna(Espanhol) Guiding Principles of Internal Functioning (english)&nbsp;","_links":{"self":[{"href":"https:\/\/www.ciudadesintermedias.org\/pt-br\/wp-json\/wp\/v2\/pages\/151","targetHints":{"allow":["GET"]}}],"collection":[{"href":"https:\/\/www.ciudadesintermedias.org\/pt-br\/wp-json\/wp\/v2\/pages"}],"about":[{"href":"https:\/\/www.ciudadesintermedias.org\/pt-br\/wp-json\/wp\/v2\/types\/page"}],"author":[{"embeddable":true,"href":"https:\/\/www.ciudadesintermedias.org\/pt-br\/wp-json\/wp\/v2\/users\/1"}],"replies":[{"embeddable":true,"href":"https:\/\/www.ciudadesintermedias.org\/pt-br\/wp-json\/wp\/v2\/comments?post=151"}],"version-history":[{"count":7,"href":"https:\/\/www.ciudadesintermedias.org\/pt-br\/wp-json\/wp\/v2\/pages\/151\/revisions"}],"predecessor-version":[{"id":324,"href":"https:\/\/www.ciudadesintermedias.org\/pt-br\/wp-json\/wp\/v2\/pages\/151\/revisions\/324"}],"wp:attachment":[{"href":"https:\/\/www.ciudadesintermedias.org\/pt-br\/wp-json\/wp\/v2\/media?parent=151"}],"curies":[{"name":"wp","href":"https:\/\/api.w.org\/{rel}","templated":true}]}}

<h3 class="wp-block-heading">Como fazer parte da Rede?</h3>



<p>Os prefeitos, as prefeitas e as equipes municipais de cidades pequenas e médias com um máximo de 1 milhão de habitantes que estão no início ou no pleno exercício de suas funções podem aderir à Rede: </p>



<ul class="wp-block-list">
<li>Discurso à Presidência da Rede, atualmente ocupada pelo Governo de Canelones (Uruguai): <a href="mailto:presidencia@ciudadesintermedias.org">presidencia@ciudadesintermedias.org</a> </li>



<li>Através do Secretariado Técnico exercido pela FAO, contactando os escritórios nacionais dessa organização no seu respectivo país.</li>
</ul>



<hr class="wp-block-separator has-alpha-channel-opacity"/>



<h3 class="wp-block-heading"><strong>Documentos:&nbsp;</strong></h3>



<div class="wp-block-columns is-layout-flex wp-container-core-columns-is-layout-28f84493 wp-block-columns-is-layout-flex">
<div class="wp-block-column is-layout-flow wp-block-column-is-layout-flow">
<p><a href="https://www.ciudadesintermedias.org/wp-content/uploads/2023/10/ES-Principios-rectores-Red-de-Ciudades-Intermedias-y-Sistemas-Agroalimentarios-3.pdf" data-type="link" data-id="https://www.ciudadesintermedias.org/wp-content/uploads/2023/10/ES-Principios-rectores-Red-de-Ciudades-Intermedias-y-Sistemas-Agroalimentarios-3.pdf"><strong>Princípios orientadores da operação interna<br>(Espanhol)</strong></a></p>



<figure class="wp-block-image size-large"><a href="https://www.ciudadesintermedias.org/wp-content/uploads/2023/10/ES-Principios-rectores-Red-de-Ciudades-Intermedias-y-Sistemas-Agroalimentarios-3.pdf" target="_blank" rel="noreferrer noopener"><img loading="lazy" decoding="async" width="724" height="1024" src="https://www.ciudadesintermedias.org/wp-content/uploads/2023/10/ES-Principios-rectores-Red-de-Ciudades-Intermedias-y-Sistemas-Agroalimentarios-3-1-724x1024.jpg" alt="" class="wp-image-258" srcset="https://www.ciudadesintermedias.org/wp-content/uploads/2023/10/ES-Principios-rectores-Red-de-Ciudades-Intermedias-y-Sistemas-Agroalimentarios-3-1-724x1024.jpg 724w, https://www.ciudadesintermedias.org/wp-content/uploads/2023/10/ES-Principios-rectores-Red-de-Ciudades-Intermedias-y-Sistemas-Agroalimentarios-3-1-212x300.jpg 212w, https://www.ciudadesintermedias.org/wp-content/uploads/2023/10/ES-Principios-rectores-Red-de-Ciudades-Intermedias-y-Sistemas-Agroalimentarios-3-1-768x1086.jpg 768w, https://www.ciudadesintermedias.org/wp-content/uploads/2023/10/ES-Principios-rectores-Red-de-Ciudades-Intermedias-y-Sistemas-Agroalimentarios-3-1-1086x1536.jpg 1086w, https://www.ciudadesintermedias.org/wp-content/uploads/2023/10/ES-Principios-rectores-Red-de-Ciudades-Intermedias-y-Sistemas-Agroalimentarios-3-1.jpg 1240w" sizes="auto, (max-width: 724px) 100vw, 724px" /></a></figure>
</div>



<div class="wp-block-column is-layout-flow wp-block-column-is-layout-flow">
<p><strong><a href="https://www.ciudadesintermedias.org/wp-content/uploads/2023/10/EN_Guiding-principles-for-the-functioning-of-the-Intermediary-Cities-and-Agri-Food-Systems-Network-2.pdf" data-type="link" data-id="https://www.ciudadesintermedias.org/wp-content/uploads/2023/10/EN_Guiding-principles-for-the-functioning-of-the-Intermediary-Cities-and-Agri-Food-Systems-Network-2.pdf">Guiding Principles of Internal Functioning </a></strong><br><strong><a href="https://www.ciudadesintermedias.org/wp-content/uploads/2023/10/EN_Guiding-principles-for-the-functioning-of-the-Intermediary-Cities-and-Agri-Food-Systems-Network-2.pdf" data-type="link" data-id="https://www.ciudadesintermedias.org/wp-content/uploads/2023/10/EN_Guiding-principles-for-the-functioning-of-the-Intermediary-Cities-and-Agri-Food-Systems-Network-2.pdf">(english)&nbsp;</a></strong></p>



<figure class="wp-block-image size-large"><a href="https://www.ciudadesintermedias.org/wp-content/uploads/2023/10/EN_Guiding-principles-for-the-functioning-of-the-Intermediary-Cities-and-Agri-Food-Systems-Network-2.pdf" target="_blank" rel="noreferrer noopener"><img loading="lazy" decoding="async" width="724" height="1024" src="https://www.ciudadesintermedias.org/wp-content/uploads/2023/10/EN_Guiding-principles-for-the-functioning-of-the-Intermediary-Cities-and-Agri-Food-Systems-Network-2-1-724x1024.jpg" alt="" class="wp-image-260" srcset="https://www.ciudadesintermedias.org/wp-content/uploads/2023/10/EN_Guiding-principles-for-the-functioning-of-the-Intermediary-Cities-and-Agri-Food-Systems-Network-2-1-724x1024.jpg 724w, https://www.ciudadesintermedias.org/wp-content/uploads/2023/10/EN_Guiding-principles-for-the-functioning-of-the-Intermediary-Cities-and-Agri-Food-Systems-Network-2-1-212x300.jpg 212w, https://www.ciudadesintermedias.org/wp-content/uploads/2023/10/EN_Guiding-principles-for-the-functioning-of-the-Intermediary-Cities-and-Agri-Food-Systems-Network-2-1-768x1086.jpg 768w, https://www.ciudadesintermedias.org/wp-content/uploads/2023/10/EN_Guiding-principles-for-the-functioning-of-the-Intermediary-Cities-and-Agri-Food-Systems-Network-2-1-1086x1536.jpg 1086w, https://www.ciudadesintermedias.org/wp-content/uploads/2023/10/EN_Guiding-principles-for-the-functioning-of-the-Intermediary-Cities-and-Agri-Food-Systems-Network-2-1.jpg 1240w" sizes="auto, (max-width: 724px) 100vw, 724px" /></a></figure>
</div>
</div>

<p>Como fazer parte da Rede? Os prefeitos, as prefeitas e as equipes municipais de cidades pequenas e médias com um máximo de 1 milhão de habitantes que estão no início ou no pleno exercício de suas funções podem aderir à Rede: Documentos:&nbsp; Princípios orientadores da operação interna(Espanhol) Guiding Principles of Internal Functioning (english)&nbsp;</p>

Como fazer parte da Rede? Os prefeitos, as prefeitas e as equipes municipais de cidades pequenas e médias com um máximo de 1 milhão de habitantes que estão no início ou no pleno exercício de suas funções podem aderir à Rede: Documentos:&nbsp; Princípios orientadores da operação interna(Espanhol) Guiding Principles of Internal Functioning (english)&nbsp;
