{"id":153,"date":"2022-08-01T17:41:00","date_gmt":"2022-08-01T20:41:00","guid":{"rendered":"https:\/\/www.ciudadesintermedias.org\/agenda-tematica\/"},"modified":"2023-10-17T17:31:09","modified_gmt":"2023-10-17T20:31:09","slug":"agenda-tematica","status":"publish","type":"page","link":"https:\/\/www.ciudadesintermedias.org\/pt-br\/agenda-tematica\/","title":{"rendered":"Agenda tem\u00e1tica"},"content":{"rendered":"\n<div class=\"wp-block-columns is-layout-flex wp-container-core-columns-is-layout-28f84493 wp-block-columns-is-layout-flex\">\n<div class=\"wp-block-column is-layout-flow wp-block-column-is-layout-flow\">\n<p>A singularidade da agenda tem\u00e1tica da Rede reside em colocar as cidades intermedi\u00e1rias como protagonistas das pol\u00edticas de seguran\u00e7a alimentar para avan\u00e7ar para uma transforma\u00e7\u00e3o dos sistemas agro-alimentares que permita alcan\u00e7ar uma melhor produ\u00e7\u00e3o, melhor nutri\u00e7\u00e3o e uma vida melhor para as pessoas.<\/p>\n<\/div>\n\n\n\n<div class=\"wp-block-column is-layout-flow wp-block-column-is-layout-flow\">\n<p>Conta com um roteiro para promover o interc\u00e2mbio de experi\u00eancias e li\u00e7\u00f5es aprendidas em mat\u00e9ria de aplica\u00e7\u00e3o de sistemas agro-alimentares sustent\u00e1veis, entendendo as cidades interm\u00e9dias como um factor fundamental de amortecimento dos desafios enfrentados pelas grandes concentra\u00e7\u00f5es urbanas no contexto da p\u00f3s-pandemia.<\/p>\n<\/div>\n<\/div>\n\n\n\n<p>Sua agenda tem\u00e1tica est\u00e1 voltada para a seguran\u00e7a alimentar e nutricional e inclui temas como agroecologia, economia circular e agricultura familiar; a agricultura urbana, os mercados e as feiras, bem como a governa\u00e7\u00e3o dos sistemas alimentares.<\/p>\n\n\n\n<p>Atualmente, a Rede de Cidades Intermedi\u00e1rias e Sistemas Agroalimentares conta com as seguintes linhas de trabalho:<\/p>\n\n\n\n<ul class=\"wp-block-list\">\n<li>Seguran\u00e7a alimentar e nutricional;<\/li>\n\n\n\n<li>Com\u00e9rcio justo e respons\u00e1vel para fortalecer os Sistemas Agroalimentares;<\/li>\n\n\n\n<li>Estrat\u00e9gias de articula\u00e7\u00e3o entre os governos locais e nacionais;<\/li>\n\n\n\n<li>Resili\u00eancia e papel das cidades intermedi\u00e1rias na recupera\u00e7\u00e3o econ\u00f4mica e social\/troca de experi\u00eancias;<\/li>\n\n\n\n<li>Infra-estruturas agr\u00edcolas para refor\u00e7ar os sistemas alimentares;<\/li>\n\n\n\n<li>Transforma\u00e7\u00e3o alimentar: digitaliza\u00e7\u00e3o e incorpora\u00e7\u00e3o de tecnologia na governa\u00e7\u00e3o do sistema alimentar;<\/li>\n\n\n\n<li>Infra-estruturas para o desenvolvimento sustent\u00e1vel das cidades;<\/li>\n\n\n\n<li>Gera\u00e7\u00e3o de indicadores para medir a seguran\u00e7a alimentar;<\/li>\n\n\n\n<li>Pesquisa e gera\u00e7\u00e3o de banco de dados com experi\u00eancias bem-sucedidas de Sistemas Agroalimentares em cidades intermedi\u00e1rias;<\/li>\n\n\n\n<li>Interc\u00e2mbio de boas pr\u00e1ticas sobre estrat\u00e9gias para atrair investimentos, para proteger os produtores e as cooperativas;<\/li>\n\n\n\n<li>Valoriza\u00e7\u00e3o do conhecimento a partir da sistematiza\u00e7\u00e3o e consolida\u00e7\u00e3o dos conhecimentos e das pr\u00e1ticas tradicionais de produ\u00e7\u00e3o de alimentos e agricultura sustent\u00e1vel.<\/li>\n<\/ul>\n","protected":false},"excerpt":{"rendered":"<p>A singularidade da agenda tem\u00e1tica da Rede reside em colocar as cidades intermedi\u00e1rias como protagonistas das pol\u00edticas de seguran\u00e7a alimentar para avan\u00e7ar para uma transforma\u00e7\u00e3o dos sistemas agro-alimentares que permita alcan\u00e7ar uma melhor produ\u00e7\u00e3o, melhor nutri\u00e7\u00e3o e uma vida melhor para as pessoas. Conta com um roteiro para promover o interc\u00e2mbio de experi\u00eancias e li\u00e7\u00f5es [&hellip;]<\/p>\n","protected":false},"author":1,"featured_media":0,"parent":0,"menu_order":1,"comment_status":"closed","ping_status":"closed","template":"","meta":{"_uag_custom_page_level_css":"","footnotes":""},"class_list":["post-153","page","type-page","status-publish","hentry"],"uagb_featured_image_src":{"full":false,"thumbnail":false,"medium":false,"medium_large":false,"large":false,"1536x1536":false,"2048x2048":false},"uagb_author_info":{"display_name":"pablo","author_link":"https:\/\/www.ciudadesintermedias.org\/pt-br\/author\/pablo\/"},"uagb_comment_info":0,"uagb_excerpt":"A singularidade da agenda tem\u00e1tica da Rede reside em colocar as cidades intermedi\u00e1rias como protagonistas das pol\u00edticas de seguran\u00e7a alimentar para avan\u00e7ar para uma transforma\u00e7\u00e3o dos sistemas agro-alimentares que permita alcan\u00e7ar uma melhor produ\u00e7\u00e3o, melhor nutri\u00e7\u00e3o e uma vida melhor para as pessoas. Conta com um roteiro para promover o interc\u00e2mbio de experi\u00eancias e li\u00e7\u00f5es&hellip;","_links":{"self":[{"href":"https:\/\/www.ciudadesintermedias.org\/pt-br\/wp-json\/wp\/v2\/pages\/153","targetHints":{"allow":["GET"]}}],"collection":[{"href":"https:\/\/www.ciudadesintermedias.org\/pt-br\/wp-json\/wp\/v2\/pages"}],"about":[{"href":"https:\/\/www.ciudadesintermedias.org\/pt-br\/wp-json\/wp\/v2\/types\/page"}],"author":[{"embeddable":true,"href":"https:\/\/www.ciudadesintermedias.org\/pt-br\/wp-json\/wp\/v2\/users\/1"}],"replies":[{"embeddable":true,"href":"https:\/\/www.ciudadesintermedias.org\/pt-br\/wp-json\/wp\/v2\/comments?post=153"}],"version-history":[{"count":2,"href":"https:\/\/www.ciudadesintermedias.org\/pt-br\/wp-json\/wp\/v2\/pages\/153\/revisions"}],"predecessor-version":[{"id":287,"href":"https:\/\/www.ciudadesintermedias.org\/pt-br\/wp-json\/wp\/v2\/pages\/153\/revisions\/287"}],"wp:attachment":[{"href":"https:\/\/www.ciudadesintermedias.org\/pt-br\/wp-json\/wp\/v2\/media?parent=153"}],"curies":[{"name":"wp","href":"https:\/\/api.w.org\/{rel}","templated":true}]}}

Agenda temática

<div class="wp-block-columns is-layout-flex wp-container-core-columns-is-layout-28f84493 wp-block-columns-is-layout-flex">
<div class="wp-block-column is-layout-flow wp-block-column-is-layout-flow">
<p>A singularidade da agenda temática da Rede reside em colocar as cidades intermediárias como protagonistas das políticas de segurança alimentar para avançar para uma transformação dos sistemas agro-alimentares que permita alcançar uma melhor produção, melhor nutrição e uma vida melhor para as pessoas.</p>
</div>



<div class="wp-block-column is-layout-flow wp-block-column-is-layout-flow">
<p>Conta com um roteiro para promover o intercâmbio de experiências e lições aprendidas em matéria de aplicação de sistemas agro-alimentares sustentáveis, entendendo as cidades intermédias como um factor fundamental de amortecimento dos desafios enfrentados pelas grandes concentrações urbanas no contexto da pós-pandemia.</p>
</div>
</div>



<p>Sua agenda temática está voltada para a segurança alimentar e nutricional e inclui temas como agroecologia, economia circular e agricultura familiar; a agricultura urbana, os mercados e as feiras, bem como a governação dos sistemas alimentares.</p>



<p>Atualmente, a Rede de Cidades Intermediárias e Sistemas Agroalimentares conta com as seguintes linhas de trabalho:</p>



<ul class="wp-block-list">
<li>Segurança alimentar e nutricional;</li>



<li>Comércio justo e responsável para fortalecer os Sistemas Agroalimentares;</li>



<li>Estratégias de articulação entre os governos locais e nacionais;</li>



<li>Resiliência e papel das cidades intermediárias na recuperação econômica e social/troca de experiências;</li>



<li>Infra-estruturas agrícolas para reforçar os sistemas alimentares;</li>



<li>Transformação alimentar: digitalização e incorporação de tecnologia na governação do sistema alimentar;</li>



<li>Infra-estruturas para o desenvolvimento sustentável das cidades;</li>



<li>Geração de indicadores para medir a segurança alimentar;</li>



<li>Pesquisa e geração de banco de dados com experiências bem-sucedidas de Sistemas Agroalimentares em cidades intermediárias;</li>



<li>Intercâmbio de boas práticas sobre estratégias para atrair investimentos, para proteger os produtores e as cooperativas;</li>



<li>Valorização do conhecimento a partir da sistematização e consolidação dos conhecimentos e das práticas tradicionais de produção de alimentos e agricultura sustentável.</li>
</ul>

<p>A singularidade da agenda temática da Rede reside em colocar as cidades intermediárias como protagonistas das políticas de segurança alimentar para avançar para uma transformação dos sistemas agro-alimentares que permita alcançar uma melhor produção, melhor nutrição e uma vida melhor para as pessoas. Conta com um roteiro para promover o intercâmbio de experiências e lições [&hellip;]</p>

A singularidade da agenda temática da Rede reside em colocar as cidades intermediárias como protagonistas das políticas de segurança alimentar para avançar para uma transformação dos sistemas agro-alimentares que permita alcançar uma melhor produção, melhor nutrição e uma vida melhor para as pessoas. Conta com um roteiro para promover o intercâmbio de experiências e lições&hellip;
